tors of p.
2, 19
Let m(g) = -g**3 + 7*g**2 - 10. Let o be m(7). Let x(d) = -d**3 - 10*d**2 - 2. Let r be x(o). What are the prime factors of 5/r*20/(-25)?
2
Let a be (-3)/(-5) - (-2)/5. Suppose -3 = -2*i + a. List the prime factors of i.
2
Let a(x) = 2*x**2 + 3*x + 16. List the prime factors of a(-8).
2, 3, 5
Suppose 2*j - 196 = -4*g, 0 = -2*g - 0*j + 4*j + 118. Suppose -2*h - 4*x = -19 + g, 4*h = -5*x - 55. Let y = -7 - h. What are the prime factors of y?
3
Let k(y) = 24*y**2 - 6. List the prime factors of k(2).
2, 3, 5
What are the prime factors of (0 + 1)*5*245/5?
5, 7
Let x(y) = -y**2 + 6*y - 3. Let o be x(4). Suppose 5*r + o*a + 30 = 0, -3*r - 28 = r + 5*a. What are the prime factors of (-1)/r - 11/(-2)?
2, 3
Let j = 111 - 62. Suppose 4*t - 31 = j. List the prime factors of t.
2, 5
Suppose -3*b - 35 - 7 = 0. Let v = b + 23. What are the prime factors of ((-6)/v - 0)*-3?
2
Let y(r) = 3*r + 1. Let g be y(1). Let d = g - -6. What are the prime factors of d?
2, 5
Let z be -1 - (1 - 2) - -15. Let q be 0 - (z*1)/3. Let x = q + 8. What are the prime factors of x?
3
Let z(i) = 50*i**2 - 5*i + 4. List the prime factors of z(1).
7
Suppose k + 3*k = 232. Let p = k - 10. Suppose -2*y + p = 2*y. What are the prime factors of y?
2, 3
List the prime factors of 176/14 + 48/(-84).
2, 3
Let w(b) = b**2 + 9*b + 4. Let h be w(-9). Suppose -2*y - 20 = -h*y. List the prime factors of y.
2, 5
What are the prime factors of (-14 - -12 - (-3)/2)*-388?
2, 97
Let i(t) = -t - 6. Let d be i(-8). Suppose -d*o + 80 = 5*g - g, 0 = -4*g + o + 68. What are the prime factors of g?
2, 3
Let n(w) = w**3 - 9*w**2 + 8*w + 8. Let q be n(8). Let b = -3 + 6. Suppose -b*g + q = -0*g - 2*d, 2*g + d = 10. What are the prime factors of g?
2
What are the prime factors of (-81)/(-3) + (-1 - -1)?
3
Suppose -2*d = -7*d + 170. List the prime factors of d.
2, 17
Let i(w) = w**2 + 13*w - 38. What are the prime factors of i(9)?
2, 5
List the prime factors of ((-12)/(-18) - 8/3)*-12.
2, 3
Suppose 434 + 174 = 2*t. List the prime factors of t.
2, 19
Suppose 6*v - 15 = v. Suppose n + 12 = v*n. Let b(l) = -l**3 + 6*l**2 + 5. List the prime factors of b(n).
5
Let c be (2/9)/(1/9). Suppose c*n = 12 - 2. List the prime factors of n.
5
Suppose 0 = -w + 6*w - 680. Suppose 3*n = -5*b + 119, 6*n + b = 2*n + w. What are the prime factors of n?
3, 11
Let s be 2*(-2)/((-8)/10). Let d be 2/s + 3/5. What are the prime factors of d/(3*2/18)?
3
Let q(l) = -l**3 - 12*l**2 + 14*l + 10. Let i be q(-13). Let v be 0/(-3) + (-12)/4. List the prime factors of (-52)/i - 2/v.
2, 3
Let n = 1 + 3. Let u = -1 + n. Let v = u - -8. What are the prime factors of v?
11
Suppose -2*s + 9 = -15. Let j be (s/9)/((-2)/6). List the prime factors of (22/j + 2)*-2.
7
Let k(a) = -a**2 - 12*a - 8. What are the prime factors of k(-11)?
3
Suppose -2*g + 4 + 20 = 0. Suppose 4*l = l - g. List the prime factors of l/2 + 3 - -6.
7
Suppose z + 3*z = 0. Suppose 0*b + b + 3*i = 0, 2*i + 6 = z. What are the prime factors of b?
3
Let t be 1/2 - 3/(-2). Suppose -14 = -t*w + 10. What are the prime factors of w?
2, 3
Suppose -f + 3 = -2*v - 4*f, -3 = 4*v + 3*f. Suppose v*d = 3*d - 48. List the prime factors of d.
2
Suppose 0*w - 72 = -2*d - 4*w, -4*d - 4*w = -152. Suppose -y - 4*y = -d. Let q = 13 - y. List the prime factors of q.
5
Let w = 0 - -3. Let p(t) = -t**2 - 11*t - 7. Let j(b) = -b**2 - 11*b - 7. Let i(l) = w*p(l) - 2*j(l). What are the prime factors of i(-9)?
11
Suppose -3*k + c = -2, 2*k = k - 5*c + 22. Suppose 0*m + k*m + 9 = 5*s, m = -2*s + 9. List the prime factors of s.
3
Let k(i) = -7*i - 25. What are the prime factors of k(-10)?
3, 5
Suppose -2*c = -5*c - 9, s = 3*c + 64. List the prime factors of s.
5, 11
Let k = -10 - -4. Let f(z) = -z**3 - 6*z**2 - 8*z - 3. What are the prime factors of f(k)?
3, 5
Let h(p) = p**3 - 2*p**2 - 2*p - 3. Let y be h(4). Let q = y - 2. List the prime factors of q.
19
Suppose 4*m - 30 = -2*m. Suppose m*k = 4*k + 20. List the prime factors of k.
2, 5
Suppose 0 = -2*h + 3*h. Suppose 2*s - 4 + h = -r, -5*r - 5*s = -45. List the prime factors of r.
2, 7
Let i(b) = -b**3 - 9*b**2 + 2. Let u be i(-9). Suppose -7*w - 3*n = -u*w - 47, w = -n + 11. List the prime factors of w.
7
Let a(b) be the second derivative of 13*b**4/12 + b**2/2 - b. Let l be a(-1). Let c = -9 + l. What are the prime factors of c?
5
Suppose v + 78 + 516 = 3*d, 3*d - 2*v - 591 = 0. What are the prime factors of d?
199
Suppose -4*b + 1645 = 3*k, -b + 408 = 3*k + k. What are the prime factors of b?
2, 103
Suppose 3*o = -3*d + 18, 0*d - 26 = -3*o - 5*d. Suppose -2*h - o*x + 12 = -14, 5 = h - 3*x. What are the prime factors of h?
11
Suppose h + 2*d = -3*d - 8, -4 = h + 3*d. Suppose -5*k + 5 = -0*k + z, -3*k = h*z + 4. List the prime factors of k.
2
Let s(h) = h**2 + h - 4. Let w be s(-3). Suppose 4*d - 2*a = 6*d - w, 0 = 5*d - a - 17. What are the prime factors of d?
3
Suppose m - 1 = 1. What are the prime factors of m?
2
Let b = -4 + 6. Suppose y + 72 = 3*o + 25, b*o = -3*y + 24. What are the prime factors of o?
3, 5
Suppose 10 = 3*a + 2*a. Suppose -4*z = -5*d + 32 - 99, -a*z + 61 = 3*d. Let m = z - 14. List the prime factors of m.
3
Let b = 13 - -3. What are the prime factors of b?
2
Suppose -7 = -2*f + 7. Let i(y) = y**3 + 7*y**2 + 5*y + 5. Let t be i(-4). Suppose f + t = 5*c. What are the prime factors of c?
2
What are the prime factors of 16/(-24) - (-22)/6?
3
Suppose 3*t = -266 + 86. Let o = -14 - t. What are the prime factors of o?
2, 23
Let m(y) = 3*y**2 + 9*y - 7. List the prime factors of m(-10).
7, 29
Suppose -2*m = -7*m. Let t(b) = b**3 - b**2 - b + 4. What are the prime factors of t(m)?
2
Let l = 11 + -6. Suppose -2*o - l*k + 22 = 0, 5*o = -5*k + 3 + 37. List the prime factors of o.
2, 3
Let q be (24 - 0)*1/3. List the prime factors of q/(-6)*27/(-2).
2, 3
Let u(j) = j**3 + 5*j**2 - j - 2. Let t be u(-5). Suppose -2*x - 1 = t*a, -9 - 9 = -a + 3*x. What are the prime factors of a?
3
Suppose 0 = -2*q + 10*q - 16. What are the prime factors of q?
2
Let s = 3 - -3. Let l = 6 - s. Let p(q) = -q**2 - q + 13. List the prime factors of p(l).
13
Let j = 254 + 65. What are the prime factors of j?
11, 29
Let d = -10 + 26. Suppose b - 9 - d = 0. What are the prime factors of b?
5
Suppose 5*b - 4 = k - 0*b, 0 = -5*k + 3*b - 20. Let o(x) = 2*x**2 + 3*x + 2. What are the prime factors of o(k)?
2, 11
Let b(a) be the third derivative of -a**2 - 7/6*a**3 + 0 - 1/8*a**4 + 0*a. List the prime factors of b(-6).
11
Let n(r) = r - 2. Let t(s) = s - 3. Let d(p) = -4*n(p) + 3*t(p). Let u(g) = -g**3 - 4*g**2 + 7*g + 7. Let w be u(-5). List the prime factors of d(w).
2
Suppose 2*v = -2*v + 56. Suppose 5*r = 4*p - v, -28 = -3*p - 5*r - 0*r. List the prime factors of p.
2, 3
Let w(c) = c**3 - 8*c**2 - 11*c + 4. What are the prime factors of w(10)?
2, 47
Suppose 149 = q + 4*q - 3*i, 40 = q - 4*i. Suppose 5*d - d + 4*y - 64 = 0, 0 = 2*d + y - q. What are the prime factors of d?
2, 3
Let d(j) = -j**3 - 8*j**2 - 5*j - 9. Let g(l) = -l**3 - 5*l**2 + 3*l + 7. Let k be g(-5). List the prime factors of d(k).
31
Suppose -2*m - 5*l = -0*l - 30, 35 = 3*m + 5*l. Suppose 28 = 4*d - m*z, 3*d + z - 21 = -z. What are the prime factors of d?
7
Let b(x) = x + 7. Let h be b(-5). Suppose -k - 10 = -u, -h*u - 5 = k - 25. Let v(r) = -r**3 + 11*r**2 - 7*r - 14. List the prime factors of v(u).
2
Suppose -4*u + 913 = -175. List the prime factors of u.
2, 17
Suppose 3*q + 2*q + 4*o - 267 = 0, -114 = -2*q + 2*o. What are the prime factors of q?
5, 11
Suppose -3*t + 8 + 10 = 0. Suppose -2*w + 41 - 5 = 0. Let s = w - t. List the prime factors of s.
2, 3
Let o = -10 + 38. Suppose 4*f = -o - 0. Let s(b) = -b. What are the prime factors of s(f)?
7
Suppose -6 = 2*s - 0. Let b = -8 - s. What are the prime factors of b/(50/(-4))*10?
2
Let r be 4*(8 + (0 - -1)). Suppose 2*p - r - 24 = 0. What are the prime factors of (10/(-15))/((-4)/p)?
5
Let c(y) be the second derivative of -2*y - 11/6*y**3 + 1/12*y**4 + 5/2*y**2 + 0. List the prime factors of c(11).
5
Let s(d) = d**3 + 5*d**2 + 2*d. Let z be s(-4). Let f = 13 - z. Suppose -3*t - 5*p = t - 69, 5*t + f*p = 80. List the prime factors of t.
11
Suppose f + 58 = 294. List the prime factors of f.
2, 59
Let y = 22 + -6. What are the prime factors 